In base 3, what is -20121211100010101 - 10?
-20121211100010111
In base 8, what is 2735570 - 4?
2735564
In base 16, what is -37f7780 - 7?
-37f7787
In base 8, what is 3 - 256522360?
-256522355
In base 13, what is -16648 - 7c0?
-17138
In base 16, what is 2080b6 - 2?
2080b4
In base 2, what is 1110010011100100 - 10000000101100?
1100010010111000
In base 12, what is 2419 - -1a82?
429b
In base 13, what is 125 + 39001?
39126
In base 8, what is 5713 + 10320?
16233
In base 5, what is -10 - -2102333123?
2102333113
In base 8, what is -135470 + -260?
-135750
In base 4, what is -2312311312123 - -11?
-2312311312112
In base 6, what is 1125331140 + -5?
1125331131
In base 8, what is 5 + -172035032?
-172035025
In base 16, what is -9f0e + -1d8?
-a0e6
In base 5, what is 0 + -242121200340?
-242121200340
In base 6, what is 112 - 455432114?
-455432002
In base 16, what is -4b7675d + -5?
-4b76762
In base 16, what is -286 - -126?
-160
In base 11, what is -3829a2 + -668?
-38355a
In base 8, what is -1257 + 7365?
6106
In base 8, what is 155354120 + 4?
155354124
In base 15, what is 199 + 269?
413
In base 10, what is -339975 + 1363?
-338612
In base 13, what is -3692c + 779?
-36183
In base 11, what is -47 + -213786?
-213822
In base 10, what is 2 - -1093771?
1093773
In base 8, what is -267 - 1370260?
-1370547
In base 8, what is -22 - -4711262?
4711240
In base 10, what is 322913 - 3075?
319838
In base 16, what is -63 + -16794?
-167f7
In base 3, what is 21210201 - -1202201?
100120102
In base 11, what is 0 - -1a3928?
1a3928
In base 11, what is -740353888 + -5?
-740353892
In base 12, what is b2083654 + -2?
b2083652
In base 10, what is -1421 + -472?
-1893
In base 10, what is 82343432 + 3?
82343435
In base 5, what is 40141443133 - 2?
40141443131
In base 2, what is -1000011000110001011010001 - 11011?
-1000011000110001011101100
In base 4, what is 1031121113 - -32?
1031121211
In base 7, what is 162620 - 1300?
161320
In base 6, what is 5 + -1222033412?
-1222033403
In base 15, what is -51a - 5be?
-ad9
In base 9, what is 2 - 42421664?
-42421662
In base 2, what is 1001001001 - -1100101110000100?
1100110111001101
In base 4, what is -33221222 - -1223222?
-31332000
In base 15, what is c5 - db3?
-cdd
In base 14, what is -13b88a6 - 2?
-13b88a8
In base 10, what is -6 + 2339275?
2339269
In base 13, what is -a5 + 14202b2?
142020a
In base 7, what is 3212231 - 103?
3212125
In base 2, what is 1001 - 100011101011011100111001?
-100011101011011100110000
In base 8, what is -611 - 34535?
-35346
In base 14, what is b + -641b1c?
-641b11
In base 6, what is 31340415235 + 1?
31340415240
In base 2, what is 10110101100011101000 + 1010000001?
10110101101101101001
In base 9, what is -3576 - 4683?
-8370
In base 7, what is -1 + 122343545?
122343544
In base 10, what is 8685891 - 9?
8685882
In base 5, what is -2100313 + -312410?
-2413223
In base 14, what is -24cab + b?
-24ca0
In base 16, what is -327 - -1334d?
13026
In base 9, what is 62 - 1108516?
-1108444
In base 7, what is 546 + -430264?
-426415
In base 13, what is -3b + 612c94?
612c56
In base 11, what is a1 + -398547?
-398456
In base 14, what is 84 + 145c1?
14665
In base 7, what is 56120 - 161?
55626
In base 16, what is 5996a - -176?
59ae0
In base 8, what is 232523310 + -2?
232523306
In base 11, what is 2961a2 + -25?
296178
In base 8, what is -657766 + -245?
-660233
In base 12, what is -a + 5b8241?
5b8233
In base 7, what is 115066 - -14?
115113
In base 9, what is -65 + 545444?
545368
In base 13, what is -1229c + -2?
-122a1
In base 6, what is 5310151 + -30?
5310121
In base 4, what is -112111020101 - -1131?
-112111012310
In base 3, what is -12 - 121011201212022?
-121011201212111
In base 11, what is -49309 - -4?
-49305
In base 14, what is -2 - -131307?
131305
In base 11, what is -1894a96 - -293?
-1894803
In base 7, what is 6 - 1302203422?
-1302203413
In base 11, what is -4 - -42066aa?
42066a6
In base 7, what is 262362 - 3235?
256124
In base 9, what is 8884220 + -70?
8884140
In base 6, what is 2520515525 - 1?
2520515524
In base 6, what is 31 + -155021?
-154550
In base 9, what is -18 + 13650414?
13650385
In base 5, what is -2 + -203020422?
-203020424
In base 14, what is 6c0897c + 1?
6c0897d
In base 15, what is 18a - 2dd8c?
-2dc02
In base 6, what is 3125 + 1525351?
1532520
In base 15, what is -5153 - ac13?
-10d66
In base 2, what is 11001010111001100 + -11?
11001010111001001
In base 16, what is -583a + -16?
-5850
In base 4, what is -11211113131 - 21?
-11211113212
In base 2, what is 10001101000111010011010 - -100000110?
10001101000111110100000
In base 8, what is 20 + -1140435?
-1140415
In base 10, what is -12383 - -644?
-11739
In base 2, what is 1000011101101000 + 101101011011?
1001001011000011
In base 10, what is 9700 + -161?
9539
In base 4, what is 201 + 201012131?
201012332
In base 2, what is -10001111100000101 - 110100110010?
-10010110000110111
In base 10, what is 41664 + 57?
41721
In base 7, what is -354 + 3661351?
3660664
In base 6, what is 4254005 + 5030?
4303035
In base 6, what is 23402552 - -140?
23403132
In base 12, what is 60a21 + 105?
60b26
In base 10, what is 12209 + -641?
11568
In base 3, what is 100111 - -211122101?
211222212
In base 15, what is 24b26 + -5e?
24ab7
In base 13, what is 229aa393 + 4?
229aa397
In base 13, what is -b57 - -121897?
120a40
In base 13, what is 5 - 19a0a7b?
-19a0a76
In base 13, what is 28a6 + 310?
2bb6
In base 14, what is 3b6 - 1518?
-1142
In base 15, what is -ac1 + 8125?
7554
In base 13, what is -5924786a - 3?
-59247870
In base 3, what is 221110111 + -1222002?
212111102
In base 4, what is 3 - -10223213311011?
10223213311020
In base 11, what is -11 - -703458?
703447
In base 8, what is 3247240 - 121?
3247117
In base 9, what is -32513 - -506?
-32006
In base 3, what is -120211101 - 2122222?
-200111100
In base 16, what is -1c051df + 0?
-1c051df
In base 15, what is -4c01 + 7c?
-4b74
In base 10, what is 50358 - 781?
49577
In base 6, what is -1120333 - -2155?
-1114134
In base 14, what is 12 - -2d181?
2d193
In base 10, what is -7830357 - -4?
-7830353
In base 10, what is 0 + 2383693?
2383693
In base 11, what is 910 - 3158?
-2348
In base 4, what is 20102302 + 102?
20103010
In base 2, what is -10 - 1100100110011100001111101?
-1100100110011100001111111
In base 15, what is 308 + 1509c?
153a5
In base 4, what is -20110321 - -22023?
-20022232
In base 13, what is 1a - 1b769a4?
-1b76987
In base 4, what is 2002130310333 - 10?
2002130310323
In base 6, what is 133150352 - -11?
133150403
In base 3, what is 12102110000 + -1110?
12102101120
In base 2, what is 1011001000110000101 - 110000?
1011001000101010101
In base 5, what is -1200 + -420412033?
-420413233
In base 3, what is 1122211102 - 1202020?
1121002012
In base 14, what is 1254b89 + -3?
1254b86
In base 11, what is 433 - 5a222?
-5989a
In base 14, what is 41 + -6d7229?
-6d71c8
In base 4, what is -2 + 30123313312?
30123313310
In base 5, what is 4 + -1004000214?
-1004000210
In base 11, what is -32 - 8506119?
-8506150
In base 8, what is 1243556 - 12?
1243544
In base 14, what is a - 4a9b3ca?
-4a9b3c0
In base 5, what is -34103314011 - -4?
-34103314002
In base 5, what is 1110014 + -313212?
241302
In base 16, what is 1212 - -d?
121f
In base 12, what is -7 - -8586528?
8586521
In base 2, what is 1011110011001001111110101011 + -101?
1011110011001001111110100110
In base 15, what is 6c38dde + -5?
6c38dd9
In base 4, what is 1333 - 120010121130?
-120010113131
In base 15, what is -48c9e8 - -4?
-48c9e4
In base 5, what is 104 + -4322233234?
-4322233130
In base 4, what is -1221313211021 - 10?
-1221313211031
In base 5, what is 13423421 - 1313?
13422103
In base 6, what is 1414 - 2514455?
-2513041
In base 6, what is -22451012431 - 1?
-22451012432
In base 15, what is 2ab + 2c9?
585
In base 13, what is -1127 - 3987?
-4ab1
In base 4, what is 1012030313 - 10121?
1012020132
In base 7, what is 2 + -40220241?
-40220236
In base 13, what is -2713 + 2344a?
20a37
In base 10, what is 4 - -1002791?
1002795
In base 4, what is 2033013132 - 3111?
2033010021
In base 15, what is cd0294 + 1?
cd0295
In base 15, what is -d038 - 3ce9?
-11d32
In base 13, what is -399a + 75a?
-3240
In base 14, what is 7437 + 3455?
a88c
In base 10, what is 913 + 288194?
289107
In base 9, what is -1475 + -1471?
-3056
In base 15, what is 14b03113 - 5?
14b0310d
In 